{"id":36,"date":"2023-09-03T15:06:26","date_gmt":"2023-09-03T13:06:26","guid":{"rendered":"https:\/\/termspe.flashphys.fr\/?page_id=36"},"modified":"2024-12-01T16:21:32","modified_gmt":"2024-12-01T15:21:32","slug":"page-631490e3502a8-html","status":"publish","type":"page","link":"https:\/\/termspe.flashphys.fr\/?page_id=36","title":{"rendered":"Chap 9 : \u00e9volution spontan\u00e9e d&#8217;un syst\u00e8me"},"content":{"rendered":"\n<h1 class=\"wp-block-heading\">Cours complet<\/h1>\n\n\n\n<p><a href=\"http:\/\/termspe.flashphys.fr\/wp-content\/uploads\/2023\/09\/0f656c8aff84ee259c5e8ad7ba542466.pdf\">Chapitre 9 evolution spontan\u00e9e.pdf<\/a><\/p>\n\n\n\n<p><a href=\"http:\/\/termspe.flashphys.fr\/wp-content\/uploads\/2023\/09\/fe7088f884386f7f1af300e7f3ec622d.docx\">Chapitre 9 evolution spontan\u00e9e.docx<\/a><\/p>\n\n\n\n<p><iframe src=\"\/\/www.youtube.com\/embed\/_D2K6QJOZ5g?wmode=transparent\"><\/iframe><\/p>\n\n\n\n<h2 class=\"wp-block-heading\">Cours rapide<\/h2>\n\n\n\n<p><iframe src=\"\/\/www.youtube.com\/embed\/00KNEltfzdg?wmode=transparent\"><\/iframe><iframe src=\"\/\/www.youtube.com\/embed\/FjgWkxljRS4?wmode=transparent\"><\/iframe><iframe src=\"\/\/www.youtube.com\/embed\/k3C1nFIFub4?wmode=transparent\"><\/iframe><\/p>\n\n\n\n<h2 class=\"wp-block-heading\">Exercices<\/h2>\n\n\n\n<p><a href=\"http:\/\/termspe.flashphys.fr\/wp-content\/uploads\/2023\/09\/1815eb386a1755b909cf4a244fa2e2a0.docx\">exo equilibre.docx<\/a><\/p>\n\n\n\n<p><a href=\"http:\/\/termspe.flashphys.fr\/wp-content\/uploads\/2023\/09\/2c0b23a6d3e66b689747c6f786b0dc5b.docx\">exos equilibres correction.docx<\/a><\/p>\n\n\n\n<h2 class=\"wp-block-heading\">Attention la partie pile n&#8217;est plus au programme de l&#8217;\u00e9crit 2023&#8230;.<\/h2>\n\n\n\n<p><a href=\"http:\/\/termspe.flashphys.fr\/wp-content\/uploads\/2023\/09\/cd0f31d963064d1e62c9fbfd802caccc.docx\">Exercice sur les piles.docx<\/a><\/p>\n\n\n\n<p><a href=\"http:\/\/termspe.flashphys.fr\/wp-content\/uploads\/2023\/09\/73617f303e5e9175e2c7245f4bf052e7.pdf\">soutien pile.pdf<\/a><\/p>\n\n\n\n<p><a href=\"http:\/\/termspe.flashphys.fr\/wp-content\/uploads\/2023\/09\/cd4e56787be24decd9cea8b653d31a60.pdf\">correction soutien pile.pdf<\/a><\/p>\n\n\n\n<h2 class=\"wp-block-heading\">TP : \u00e9volution d&#8217;un syst\u00e8me chimique + pile<\/h2>\n\n\n\n<p>Ce TP ne sera pas trait\u00e9 en 2022 suite \u00e0 l&#8217;all\u00e8gement du programme sur les piles<\/p>\n\n\n\n<p><a href=\"http:\/\/termspe.flashphys.fr\/wp-content\/uploads\/2023\/09\/1ca3d2b553f07e65d40936562e598a96.docx\">tp evolution eleves.docx<\/a><\/p>\n\n\n\n<p><a href=\"http:\/\/termspe.flashphys.fr\/wp-content\/uploads\/2023\/09\/41856f9b79b63f647d293a53e5d2489a.pdf\">tp evolution.pdf<\/a><\/p>\n\n\n\n<h2 class=\"wp-block-heading\">TP constante d&#8217;\u00e9quilibre<\/h2>\n\n\n\n<p><a href=\"http:\/\/termspe.flashphys.fr\/wp-content\/uploads\/2023\/09\/2a70a199081b174fe4f6df0560e793a3.docx\">tp cte equilibre.docx<\/a><\/p>\n\n\n\n<p><a href=\"http:\/\/termspe.flashphys.fr\/wp-content\/uploads\/2023\/09\/d8ebb793b7517e50b9230a35a3cb5a11.docx\">tp cte equilibre correction.docx<\/a><\/p>\n\n\n\n<p><a href=\"http:\/\/termspe.flashphys.fr\/wp-content\/uploads\/2023\/09\/6ffddd09cdcf6bd2ceafc7c0d37a4a86.pdf\">R\u00e9sum\u00e9 chap9.pdf<\/a><\/p>\n","protected":false},"excerpt":{"rendered":"<p>Cours complet Chapitre 9 evolution spontan\u00e9e.pdf Chapitre 9 evolution spontan\u00e9e.docx Cours rapide Exercices exo equilibre.docx exos equilibres correction.docx Attention la partie pile n&#8217;est plus au programme de l&#8217;\u00e9crit 2023&#8230;. Exercice sur les piles.docx soutien pile.pdf correction soutien pile.pdf TP : \u00e9volution d&#8217;un syst\u00e8me chimique + pile Ce TP ne sera pas trait\u00e9 en 2022 suite&hellip;<\/p>\n","protected":false},"author":1,"featured_media":0,"parent":0,"menu_order":0,"comment_status":"closed","ping_status":"closed","template":"","meta":{"footnotes":""},"class_list":["post-36","page","type-page","status-publish","hentry"],"_links":{"self":[{"href":"https:\/\/termspe.flashphys.fr\/index.php?rest_route=\/wp\/v2\/pages\/36","targetHints":{"allow":["GET"]}}],"collection":[{"href":"https:\/\/termspe.flashphys.fr\/index.php?rest_route=\/wp\/v2\/pages"}],"about":[{"href":"https:\/\/termspe.flashphys.fr\/index.php?rest_route=\/wp\/v2\/types\/page"}],"author":[{"embeddable":true,"href":"https:\/\/termspe.flashphys.fr\/index.php?rest_route=\/wp\/v2\/users\/1"}],"replies":[{"embeddable":true,"href":"https:\/\/termspe.flashphys.fr\/index.php?rest_route=%2Fwp%2Fv2%2Fcomments&post=36"}],"version-history":[{"count":3,"href":"https:\/\/termspe.flashphys.fr\/index.php?rest_route=\/wp\/v2\/pages\/36\/revisions"}],"predecessor-version":[{"id":718,"href":"https:\/\/termspe.flashphys.fr\/index.php?rest_route=\/wp\/v2\/pages\/36\/revisions\/718"}],"wp:attachment":[{"href":"https:\/\/termspe.flashphys.fr\/index.php?rest_route=%2Fwp%2Fv2%2Fmedia&parent=36"}],"curies":[{"name":"wp","href":"https:\/\/api.w.org\/{rel}","templated":true}]}}