{"id":30,"date":"2023-09-03T15:06:23","date_gmt":"2023-09-03T13:06:23","guid":{"rendered":"https:\/\/termspe.flashphys.fr\/?page_id=30"},"modified":"2024-10-06T12:38:23","modified_gmt":"2024-10-06T10:38:23","slug":"page-631490d5b47c9-html","status":"publish","type":"page","link":"https:\/\/termspe.flashphys.fr\/?page_id=30","title":{"rendered":"Chap 4 : cin\u00e9matique du point"},"content":{"rendered":"\n<p class=\"has-medium-font-size\">R\u00e9vision : cours de 1\u00e8re sp\u00e9 : <\/p>\n\n\n\n<div class=\"wp-block-file\"><a id=\"wp-block-file--media-069ad06a-1deb-4b08-b7e6-68752f98414e\" href=\"https:\/\/termspe.flashphys.fr\/wp-content\/uploads\/2023\/10\/cours-mouvement-et-forces-correction.docx\">cours-mouvement-et-forces-correction<\/a><a href=\"https:\/\/termspe.flashphys.fr\/wp-content\/uploads\/2023\/10\/cours-mouvement-et-forces-correction.docx\" class=\"wp-block-file__button wp-element-button\" download aria-describedby=\"wp-block-file--media-069ad06a-1deb-4b08-b7e6-68752f98414e\">T\u00e9l\u00e9charger<\/a><\/div>\n\n\n\n<h1 class=\"wp-block-heading\"><iframe src=\"\/\/www.youtube.com\/embed\/FcVqatQylnA?wmode=transparent\"><\/iframe><\/h1>\n\n\n\n<h2 class=\"wp-block-heading\">Cours complet<\/h2>\n\n\n\n<div class=\"wp-block-file\"><a id=\"wp-block-file--media-b9bcea36-e7a7-4f16-8ef7-f366e4d581d8\" href=\"https:\/\/termspe.flashphys.fr\/wp-content\/uploads\/2023\/10\/2023Chapitre-4-cinematique.docx\">2023Chapitre-4-cinematique<\/a><a href=\"https:\/\/termspe.flashphys.fr\/wp-content\/uploads\/2023\/10\/2023Chapitre-4-cinematique.docx\" class=\"wp-block-file__button wp-element-button\" download aria-describedby=\"wp-block-file--media-b9bcea36-e7a7-4f16-8ef7-f366e4d581d8\">T\u00e9l\u00e9charger<\/a><\/div>\n\n\n\n<div class=\"wp-block-file\"><a id=\"wp-block-file--media-328d0115-4c79-4f2b-945e-b71f65c34e31\" href=\"https:\/\/termspe.flashphys.fr\/wp-content\/uploads\/2023\/10\/2023Chapitre-4-cinematique.pdf\">2023Chapitre-4-cinematique<\/a><a href=\"https:\/\/termspe.flashphys.fr\/wp-content\/uploads\/2023\/10\/2023Chapitre-4-cinematique.pdf\" class=\"wp-block-file__button wp-element-button\" download aria-describedby=\"wp-block-file--media-328d0115-4c79-4f2b-945e-b71f65c34e31\">T\u00e9l\u00e9charger<\/a><\/div>\n\n\n\n<p class=\"has-large-font-size\">Fiche de m\u00e9morisation<\/p>\n\n\n\n<div class=\"wp-block-file\"><a id=\"wp-block-file--media-653c2833-d5c3-4824-89ac-ec95aed41662\" href=\"https:\/\/termspe.flashphys.fr\/wp-content\/uploads\/2023\/10\/Questionnaire-Chapitre-4.docx\">Questionnaire-Chapitre-4<\/a><a href=\"https:\/\/termspe.flashphys.fr\/wp-content\/uploads\/2023\/10\/Questionnaire-Chapitre-4.docx\" class=\"wp-block-file__button wp-element-button\" download aria-describedby=\"wp-block-file--media-653c2833-d5c3-4824-89ac-ec95aed41662\">T\u00e9l\u00e9charger<\/a><\/div>\n\n\n\n<div class=\"wp-block-file\"><a id=\"wp-block-file--media-c1162f10-c459-443c-bdec-e20ac47994fe\" href=\"https:\/\/termspe.flashphys.fr\/wp-content\/uploads\/2023\/12\/correction-fiche-memo-chap4.docx\">correction-fiche-memo-chap4<\/a><a href=\"https:\/\/termspe.flashphys.fr\/wp-content\/uploads\/2023\/12\/correction-fiche-memo-chap4.docx\" class=\"wp-block-file__button wp-element-button\" download aria-describedby=\"wp-block-file--media-c1162f10-c459-443c-bdec-e20ac47994fe\">Download<\/a><\/div>\n\n\n\n<h2 class=\"wp-block-heading\">Cours rapide<\/h2>\n\n\n\n<p><iframe src=\"\/\/www.youtube.com\/embed\/0k3aQfZ-qUU?wmode=transparent\"><\/iframe><iframe src=\"\/\/www.youtube.com\/embed\/YYqPHd0cNuY?wmode=transparent\"><\/iframe><iframe src=\"\/\/www.youtube.com\/embed\/IRt2H_unPL8?wmode=transparent\"><\/iframe><iframe src=\"\/\/www.youtube.com\/embed\/XVZpMAtuhBQ?wmode=transparent\"><\/iframe><\/p>\n\n\n\n<h1 class=\"wp-block-heading\">Exercices<\/h1>\n\n\n\n<p><a href=\"http:\/\/termspe.flashphys.fr\/wp-content\/uploads\/2023\/09\/8b391d5e6fa2e71f3a36b918dc2ca245.docx\">Exercices cin\u00e9matique.docx<\/a><\/p>\n\n\n\n<p><a href=\"http:\/\/termspe.flashphys.fr\/wp-content\/uploads\/2023\/09\/163426fe9927b73f892d2782d6abbb33.docx\">Exercices cin\u00e9matique correction1.docx<\/a><\/p>\n\n\n\n<h2 class=\"wp-block-heading\">R\u00e9sum\u00e9 du chapitre<\/h2>\n\n\n\n<p><a href=\"https:\/\/phyromtermspe.monsite-orange.fr\/file\/2f9a93d1ea10023c73a2017a5b8b182f.pdf\">Chapitre 4 r\u00e9sum\u00e9.pdf<\/a><\/p>\n\n\n\n<h2 class=\"wp-block-heading\"><span>TP: cin\u00e9matique du point (avec Python et Regressi)<\/span><\/h2>\n\n\n\n<p>vid\u00e9o avion Rafale <\/p>\n\n\n\n<div class=\"wp-block-file\"><a id=\"wp-block-file--media-478d3584-5217-4066-b8bd-5a6b68e147f2\" href=\"https:\/\/termspe.flashphys.fr\/wp-content\/uploads\/2023\/10\/Rafale.mp4.avi\">Rafale.mp4<\/a><a href=\"https:\/\/termspe.flashphys.fr\/wp-content\/uploads\/2023\/10\/Rafale.mp4.avi\" class=\"wp-block-file__button wp-element-button\" download aria-describedby=\"wp-block-file--media-478d3584-5217-4066-b8bd-5a6b68e147f2\">T\u00e9l\u00e9charger<\/a><\/div>\n\n\n\n<p>vid\u00e9o centrifugeuse (jouet)<\/p>\n\n\n\n<div class=\"wp-block-file\"><a id=\"wp-block-file--media-4fd531d1-2f92-4e70-b789-8754b19ff57f\" href=\"https:\/\/termspe.flashphys.fr\/wp-content\/uploads\/2023\/10\/Rot.avi.avi\">Rot.avi<\/a><a href=\"https:\/\/termspe.flashphys.fr\/wp-content\/uploads\/2023\/10\/Rot.avi.avi\" class=\"wp-block-file__button wp-element-button\" download aria-describedby=\"wp-block-file--media-4fd531d1-2f92-4e70-b789-8754b19ff57f\">T\u00e9l\u00e9charger<\/a><\/div>\n\n\n\n<p>TP : \u00e9nonc\u00e9 avec programmes<\/p>\n\n\n\n<div class=\"wp-block-file\"><a id=\"wp-block-file--media-4ad23204-e6e0-4eb5-84df-5ca269378052\" href=\"https:\/\/termspe.flashphys.fr\/wp-content\/uploads\/2023\/10\/tp-cinematique-2023-ultime.docx\">tp-cinematique-2023-ultime<\/a><a href=\"https:\/\/termspe.flashphys.fr\/wp-content\/uploads\/2023\/10\/tp-cinematique-2023-ultime.docx\" class=\"wp-block-file__button wp-element-button\" download aria-describedby=\"wp-block-file--media-4ad23204-e6e0-4eb5-84df-5ca269378052\">T\u00e9l\u00e9charger<\/a><\/div>\n\n\n\n<div class=\"wp-block-file\"><a id=\"wp-block-file--media-1fe81753-4236-4c62-803c-ebd69161b840\" href=\"https:\/\/termspe.flashphys.fr\/wp-content\/uploads\/2023\/10\/tp-cinematique-2023-ultime-1.pdf\">tp-cinematique-2023-ultime-1<\/a><a href=\"https:\/\/termspe.flashphys.fr\/wp-content\/uploads\/2023\/10\/tp-cinematique-2023-ultime-1.pdf\" class=\"wp-block-file__button wp-element-button\" download aria-describedby=\"wp-block-file--media-1fe81753-4236-4c62-803c-ebd69161b840\">T\u00e9l\u00e9charger<\/a><\/div>\n","protected":false},"excerpt":{"rendered":"<p>R\u00e9vision : cours de 1\u00e8re sp\u00e9 : Cours complet Fiche de m\u00e9morisation Cours rapide Exercices Exercices cin\u00e9matique.docx Exercices cin\u00e9matique correction1.docx R\u00e9sum\u00e9 du chapitre Chapitre 4 r\u00e9sum\u00e9.pdf TP: cin\u00e9matique du point (avec Python et Regressi) vid\u00e9o avion Rafale vid\u00e9o centrifugeuse (jouet) TP : \u00e9nonc\u00e9 avec programmes<\/p>\n","protected":false},"author":1,"featured_media":0,"parent":0,"menu_order":0,"comment_status":"closed","ping_status":"closed","template":"","meta":{"footnotes":""},"class_list":["post-30","page","type-page","status-publish","hentry"],"_links":{"self":[{"href":"https:\/\/termspe.flashphys.fr\/index.php?rest_route=\/wp\/v2\/pages\/30","targetHints":{"allow":["GET"]}}],"collection":[{"href":"https:\/\/termspe.flashphys.fr\/index.php?rest_route=\/wp\/v2\/pages"}],"about":[{"href":"https:\/\/termspe.flashphys.fr\/index.php?rest_route=\/wp\/v2\/types\/page"}],"author":[{"embeddable":true,"href":"https:\/\/termspe.flashphys.fr\/index.php?rest_route=\/wp\/v2\/users\/1"}],"replies":[{"embeddable":true,"href":"https:\/\/termspe.flashphys.fr\/index.php?rest_route=%2Fwp%2Fv2%2Fcomments&post=30"}],"version-history":[{"count":10,"href":"https:\/\/termspe.flashphys.fr\/index.php?rest_route=\/wp\/v2\/pages\/30\/revisions"}],"predecessor-version":[{"id":701,"href":"https:\/\/termspe.flashphys.fr\/index.php?rest_route=\/wp\/v2\/pages\/30\/revisions\/701"}],"wp:attachment":[{"href":"https:\/\/termspe.flashphys.fr\/index.php?rest_route=%2Fwp%2Fv2%2Fmedia&parent=30"}],"curies":[{"name":"wp","href":"https:\/\/api.w.org\/{rel}","templated":true}]}}