{"id":23,"date":"2023-09-03T15:06:18","date_gmt":"2023-09-03T13:06:18","guid":{"rendered":"https:\/\/termspe.flashphys.fr\/?page_id=23"},"modified":"2023-09-03T20:44:59","modified_gmt":"2023-09-03T18:44:59","slug":"page-613df2428eb3b-html","status":"publish","type":"page","link":"https:\/\/termspe.flashphys.fr\/?page_id=23","title":{"rendered":"Consignes TP"},"content":{"rendered":"\n<p><a href=\"http:\/\/termspe.flashphys.fr\/wp-content\/uploads\/2023\/09\/7b29c8136e3389cf18f97f41d0fdde64.pdf\" target=\"_blank\" rel=\"noreferrer noopener\">consignes tp de yoda.pdf<\/a><\/p>\n\n\n\n<h2 class=\"wp-block-heading\">Pictogrammes de s\u00e9curit\u00e9 et bonne attitude en TP<\/h2>\n\n\n\n<p><a href=\"http:\/\/termspe.flashphys.fr\/wp-content\/uploads\/2023\/09\/255e6b60e0f5af60b8ef64ad5388f8c5.pdf\" target=\"_blank\" rel=\"noreferrer noopener\">s\u00e9curit\u00e9-chimie.pdf<\/a><\/p>\n\n\n\n<h2 class=\"wp-block-heading\">Jeu sur les pictogrammes de s\u00e9curit\u00e9<\/h2>\n\n\n\n<p><a href=\"https:\/\/learningapps.org\/view2888079\">Jeu s\u00e9curit\u00e9<\/a><\/p>\n","protected":false},"excerpt":{"rendered":"<p>consignes tp de yoda.pdf Pictogrammes de s\u00e9curit\u00e9 et bonne attitude en TP s\u00e9curit\u00e9-chimie.pdf Jeu sur les pictogrammes de s\u00e9curit\u00e9 Jeu s\u00e9curit\u00e9<\/p>\n","protected":false},"author":1,"featured_media":0,"parent":0,"menu_order":0,"comment_status":"closed","ping_status":"closed","template":"","meta":{"footnotes":""},"class_list":["post-23","page","type-page","status-publish","hentry"],"_links":{"self":[{"href":"https:\/\/termspe.flashphys.fr\/index.php?rest_route=\/wp\/v2\/pages\/23","targetHints":{"allow":["GET"]}}],"collection":[{"href":"https:\/\/termspe.flashphys.fr\/index.php?rest_route=\/wp\/v2\/pages"}],"about":[{"href":"https:\/\/termspe.flashphys.fr\/index.php?rest_route=\/wp\/v2\/types\/page"}],"author":[{"embeddable":true,"href":"https:\/\/termspe.flashphys.fr\/index.php?rest_route=\/wp\/v2\/users\/1"}],"replies":[{"embeddable":true,"href":"https:\/\/termspe.flashphys.fr\/index.php?rest_route=%2Fwp%2Fv2%2Fcomments&post=23"}],"version-history":[{"count":2,"href":"https:\/\/termspe.flashphys.fr\/index.php?rest_route=\/wp\/v2\/pages\/23\/revisions"}],"predecessor-version":[{"id":485,"href":"https:\/\/termspe.flashphys.fr\/index.php?rest_route=\/wp\/v2\/pages\/23\/revisions\/485"}],"wp:attachment":[{"href":"https:\/\/termspe.flashphys.fr\/index.php?rest_route=%2Fwp%2Fv2%2Fmedia&parent=23"}],"curies":[{"name":"wp","href":"https:\/\/api.w.org\/{rel}","templated":true}]}}