{"id":16,"date":"2023-09-03T15:06:13","date_gmt":"2023-09-03T13:06:13","guid":{"rendered":"https:\/\/termspe.flashphys.fr\/?page_id=16"},"modified":"2025-09-15T20:55:51","modified_gmt":"2025-09-15T18:55:51","slug":"page-5f0940713ddd1-html","status":"publish","type":"page","link":"https:\/\/termspe.flashphys.fr\/?page_id=16","title":{"rendered":"Chapitre 1 : les r\u00e9actions acide \/ base"},"content":{"rendered":"\n<h1 class=\"wp-block-heading\"><span>Feuille de route<\/span><\/h1>\n\n\n\n<p><a href=\"http:\/\/termspe.flashphys.fr\/wp-content\/uploads\/2023\/09\/d52051ae271f8613284d5ba977dd020d.pdf\">feuille routechap 1 term.pdf<\/a><\/p>\n\n\n\n<h2 class=\"wp-block-heading\">COURS complet<\/h2>\n\n\n\n<p><iframe src=\"\/\/www.youtube.com\/embed\/I0XpSXdf5pY?wmode=transparent\"><\/iframe><\/p>\n\n\n\n<p><a href=\"http:\/\/termspe.flashphys.fr\/wp-content\/uploads\/2023\/09\/430608fb4be8aebf389df6cfe388e14a.pdf\">1. cours acide base \u00e9l\u00e8ves.pdf<\/a><\/p>\n\n\n\n<p><a href=\"http:\/\/termspe.flashphys.fr\/wp-content\/uploads\/2023\/09\/2afb155519aa4184e81b9050f1ffb374.pdf\">1. cours acide base.pdf<\/a><\/p>\n\n\n\n<h2 class=\"wp-block-heading\">COURS : version rapide<\/h2>\n\n\n\n<div class=\"wp-block-file\"><a id=\"wp-block-file--media-ff007877-1e70-4263-b481-464634b2b87d\" href=\"https:\/\/termspe.flashphys.fr\/wp-content\/uploads\/2023\/09\/CHAPITRE-1.docx\">CHAPITRE-1<\/a><a href=\"https:\/\/termspe.flashphys.fr\/wp-content\/uploads\/2023\/09\/CHAPITRE-1.docx\" class=\"wp-block-file__button wp-element-button\" download aria-describedby=\"wp-block-file--media-ff007877-1e70-4263-b481-464634b2b87d\">T\u00e9l\u00e9charger<\/a><\/div>\n\n\n\n<div class=\"wp-block-file\"><a id=\"wp-block-file--media-c5d259ed-3e5f-43fb-bdd2-f86087868a99\" href=\"https:\/\/termspe.flashphys.fr\/wp-content\/uploads\/2023\/09\/CHAPITRE-1prof.docx\">CHAPITRE-1prof<\/a><a href=\"https:\/\/termspe.flashphys.fr\/wp-content\/uploads\/2023\/09\/CHAPITRE-1prof.docx\" class=\"wp-block-file__button wp-element-button\" download aria-describedby=\"wp-block-file--media-c5d259ed-3e5f-43fb-bdd2-f86087868a99\">T\u00e9l\u00e9charger<\/a><\/div>\n\n\n\n<figure class=\"wp-block-embed is-type-video is-provider-youtube wp-block-embed-youtube wp-embed-aspect-16-9 wp-has-aspect-ratio\"><div class=\"wp-block-embed__wrapper\">\n<iframe loading=\"lazy\" title=\"Cours 1- R\u00e9action acido-basique\" width=\"1140\" height=\"641\" src=\"https:\/\/www.youtube.com\/embed\/q_TAX58JhDg?feature=oembed\" frameborder=\"0\" allow=\"accelerometer; autoplay; clipboard-write; encrypted-media; gyroscope; picture-in-picture; web-share\" referrerpolicy=\"strict-origin-when-cross-origin\" allowfullscreen><\/iframe>\n<\/div><\/figure>\n\n\n\n<figure class=\"wp-block-embed is-type-video is-provider-youtube wp-block-embed-youtube wp-embed-aspect-16-9 wp-has-aspect-ratio\"><div class=\"wp-block-embed__wrapper\">\n<iframe loading=\"lazy\" title=\"Sch\u00e9ma de LEWIS couple ACIDE \/ BASE- CHIMIE - TERMINALE\" width=\"1140\" height=\"641\" src=\"https:\/\/www.youtube.com\/embed\/gVsudU46Xzs?feature=oembed\" frameborder=\"0\" allow=\"accelerometer; autoplay; clipboard-write; encrypted-media; gyroscope; picture-in-picture; web-share\" referrerpolicy=\"strict-origin-when-cross-origin\" allowfullscreen><\/iframe>\n<\/div><\/figure>\n\n\n\n<h2 class=\"wp-block-heading\"><span>Exercice &#8220;type&#8221; corrig\u00e9<\/span><\/h2>\n\n\n\n<p><iframe src=\"\/\/www.youtube.com\/embed\/7K4VIcH46o8?wmode=transparent\"><\/iframe><\/p>\n\n\n\n<p class=\"has-medium-font-size\"><strong>Fiche de m\u00e9morisation <\/strong><\/p>\n\n\n\n<div class=\"wp-block-file\"><a id=\"wp-block-file--media-0379baf3-53d1-4932-8a94-26cfe205e5f0\" href=\"https:\/\/termspe.flashphys.fr\/wp-content\/uploads\/2023\/09\/FICHE-DE-MEMORISATION-CHAPITRE-1-1.docx\">FICHE-DE-MEMORISATION-CHAPITRE-1-1<\/a><a href=\"https:\/\/termspe.flashphys.fr\/wp-content\/uploads\/2023\/09\/FICHE-DE-MEMORISATION-CHAPITRE-1-1.docx\" class=\"wp-block-file__button wp-element-button\" download aria-describedby=\"wp-block-file--media-0379baf3-53d1-4932-8a94-26cfe205e5f0\">T\u00e9l\u00e9charger<\/a><\/div>\n\n\n\n<div class=\"wp-block-file\"><a id=\"wp-block-file--media-96b48dc9-e512-4468-aeab-8e1f46f3213c\" href=\"https:\/\/termspe.flashphys.fr\/wp-content\/uploads\/2023\/09\/FICHE-DE-MEMORISATION-CHAPITRE-1prof.docx\">FICHE-DE-MEMORISATION-CHAPITRE-1prof<\/a><a href=\"https:\/\/termspe.flashphys.fr\/wp-content\/uploads\/2023\/09\/FICHE-DE-MEMORISATION-CHAPITRE-1prof.docx\" class=\"wp-block-file__button wp-element-button\" download aria-describedby=\"wp-block-file--media-96b48dc9-e512-4468-aeab-8e1f46f3213c\">T\u00e9l\u00e9charger<\/a><\/div>\n\n\n\n<h2 class=\"wp-block-heading\"><span>Exercices<\/span><\/h2>\n\n\n\n<div class=\"wp-block-file\"><a id=\"wp-block-file--media-86f7d438-6ce6-4ea2-b7a2-d5516677dee2\" href=\"https:\/\/termspe.flashphys.fr\/wp-content\/uploads\/2023\/09\/Exercices-Chapitre-1-1.pdf\">Exercices-Chapitre-1-1<\/a><a href=\"https:\/\/termspe.flashphys.fr\/wp-content\/uploads\/2023\/09\/Exercices-Chapitre-1-1.pdf\" class=\"wp-block-file__button wp-element-button\" download aria-describedby=\"wp-block-file--media-86f7d438-6ce6-4ea2-b7a2-d5516677dee2\">T\u00e9l\u00e9charger<\/a><\/div>\n\n\n\n<p><a href=\"http:\/\/termspe.flashphys.fr\/wp-content\/uploads\/2023\/09\/6b0c96d21d71621dcf91948b1518df3b.pdf\">50p51.pdf<\/a><\/p>\n\n\n\n<h2 class=\"wp-block-heading\"><span>Correction des exercices<\/span><br><\/h2>\n\n\n\n<div class=\"wp-block-file\"><a id=\"wp-block-file--media-391ba532-934f-4261-90b1-8877501d3ea2\" href=\"https:\/\/termspe.flashphys.fr\/wp-content\/uploads\/2023\/09\/Correction-des-exercices-acide.docx\">Correction-des-exercices-acide<\/a><a href=\"https:\/\/termspe.flashphys.fr\/wp-content\/uploads\/2023\/09\/Correction-des-exercices-acide.docx\" class=\"wp-block-file__button wp-element-button\" download aria-describedby=\"wp-block-file--media-391ba532-934f-4261-90b1-8877501d3ea2\">T\u00e9l\u00e9charger<\/a><\/div>\n\n\n\n<div class=\"wp-block-file\"><a id=\"wp-block-file--media-c57d60bf-1cd8-4f88-9715-29a39466a6a1\" href=\"https:\/\/termspe.flashphys.fr\/wp-content\/uploads\/2024\/09\/Correction-des-exercices-acide.docx\">Correction-des-exercices-acide<\/a><a href=\"https:\/\/termspe.flashphys.fr\/wp-content\/uploads\/2024\/09\/Correction-des-exercices-acide.docx\" class=\"wp-block-file__button wp-element-button\" download aria-describedby=\"wp-block-file--media-c57d60bf-1cd8-4f88-9715-29a39466a6a1\">Download<\/a><\/div>\n\n\n\n<p><strong>Jeu en ligne<\/strong><\/p>\n\n\n\n<p><a href=\"https:\/\/learningapps.org\/view14594125\">jeu couple acide base<\/a><\/p>\n\n\n\n<h2 class=\"wp-block-heading\"><span>TP : Mesure de pH (python)<\/span><\/h2>\n\n\n\n<p><a href=\"http:\/\/termspe.flashphys.fr\/wp-content\/uploads\/2023\/09\/tp-mesure-de-pH-eleves-avec-mesure-pH2023.docx\">tp-mesure-de-pH-eleves-avec-mesure-pH2023.docx<\/a><\/p>\n\n\n\n<h2 class=\"wp-block-heading\"><span>Pour r\u00e9viser<\/span><\/h2>\n\n\n\n<p><a href=\"http:\/\/termspe.flashphys.fr\/wp-content\/uploads\/2023\/09\/97d153a9cd8720b210bdc2f29a8122c5.pdf\">1r\u00e9sum\u00e9.pdf<\/a><\/p>\n\n\n\n<h2 class=\"wp-block-heading\">Test rapide<\/h2>\n\n\n\n<p>Faites un copier coller de l&#8217;adresse suivante et r\u00e9pondez au questionnaire<\/p>\n\n\n\n<p><\/p>\n\n\n\n<p><a href=\"https:\/\/forms.gle\/Kyu2j2nTabHJdjCa7\">qcm acide et base<\/a><\/p>\n","protected":false},"excerpt":{"rendered":"<p>Feuille de route feuille routechap 1 term.pdf COURS complet 1. cours acide base \u00e9l\u00e8ves.pdf 1. cours acide base.pdf COURS : version rapide Exercice &#8220;type&#8221; corrig\u00e9 Fiche de m\u00e9morisation Exercices 50p51.pdf Correction des exercices Jeu en ligne jeu couple acide base TP : Mesure de pH (python) tp-mesure-de-pH-eleves-avec-mesure-pH2023.docx Pour r\u00e9viser 1r\u00e9sum\u00e9.pdf Test rapide Faites un copier&hellip;<\/p>\n","protected":false},"author":1,"featured_media":0,"parent":0,"menu_order":0,"comment_status":"closed","ping_status":"closed","template":"","meta":{"footnotes":""},"class_list":["post-16","page","type-page","status-publish","hentry"],"_links":{"self":[{"href":"https:\/\/termspe.flashphys.fr\/index.php?rest_route=\/wp\/v2\/pages\/16","targetHints":{"allow":["GET"]}}],"collection":[{"href":"https:\/\/termspe.flashphys.fr\/index.php?rest_route=\/wp\/v2\/pages"}],"about":[{"href":"https:\/\/termspe.flashphys.fr\/index.php?rest_route=\/wp\/v2\/types\/page"}],"author":[{"embeddable":true,"href":"https:\/\/termspe.flashphys.fr\/index.php?rest_route=\/wp\/v2\/users\/1"}],"replies":[{"embeddable":true,"href":"https:\/\/termspe.flashphys.fr\/index.php?rest_route=%2Fwp%2Fv2%2Fcomments&post=16"}],"version-history":[{"count":17,"href":"https:\/\/termspe.flashphys.fr\/index.php?rest_route=\/wp\/v2\/pages\/16\/revisions"}],"predecessor-version":[{"id":803,"href":"https:\/\/termspe.flashphys.fr\/index.php?rest_route=\/wp\/v2\/pages\/16\/revisions\/803"}],"wp:attachment":[{"href":"https:\/\/termspe.flashphys.fr\/index.php?rest_route=%2Fwp%2Fv2%2Fmedia&parent=16"}],"curies":[{"name":"wp","href":"https:\/\/api.w.org\/{rel}","templated":true}]}}